37 - -30. Let n(t) = -t**3 - 7*t**2 + 4. Calculate the remainder when 5 is divided by n(f).
1
Suppose 2*k - 3*k = 0. Let d(j) = -3 + k*j - 3 - 3*j. What is the remainder when 17 is divided by d(-5)?
8
Suppose -6 = -3*i, 0 = -2*v + 2*i + 2*i - 44. Let o = v + 31. Suppose 3*u - 2*u - 1 = 0, 2*u = 3*q - 13. Calculate the remainder when o is divided by q.
3
Let z = 6 + 0. Let w = z - 4. Suppose -6*u = 3*p - u - 105, 4*u - 68 = -w*p. Calculate the remainder when p is divided by 14.
12
Suppose 3*w - 13 = h - 39, 2*w = -5*h + 62. What is the remainder when h is divided by 1/(-4)*(-80)/(4/1)?
4
What is the remainder when (-1)/(-1)*(1 - -21) is divided by 12?
10
Let i(r) = -r**3 - 12*r**2 - 4*r. Let m(g) = g**2 + 1. Let k(p) = -i(p) - 5*m(p). Calculate the remainder when k(-6) is divided by 4.
3
Suppose 7*h - 4*h = 45. Calculate the remainder when h is divided by 6.
3
Suppose -5*s - 3*d = -6, 6*s + 5*d - 10 = 4*s. Suppose s = 4*x - 9 - 75. What is the remainder when x is divided by 6?
3
Suppose z - 6*z = -65. Suppose -2*f = -2*c + 18, -f - 22 = -3*c - 3. What is the remainder when z is divided by c?
3
Suppose -11 = -a - j, -3*a - 5*j + 23 = -2*a. Let y be 4/(-6)*18/(-4). Suppose 6 = z + y. Calculate the remainder when a is divided by z.
2
Let z(j) = j**2 - 8*j - 11. What is the remainder when z(-5) is divided by 14?
12
Let r(t) = t**3 - 15*t**2 + 15*t - 1. Suppose -49 = -w - 6. Let l = w + -20. Calculate the remainder when l is divided by r(14).
10
Suppose 2*g + 4*r - 44 = -2*g, -4*r = 5*g - 57. Calculate the remainder when g is divided by 21/4 + (-1)/4.
3
Suppose 10 = 2*m - 0*m, m - 22 = -p. What is the remainder when 65 is divided by p?
14
Let s = -2 + 2. Suppose -2*g = s, 5*w + g = -g + 60. Suppose 3*h = 56 + 10. Calculate the remainder when h is divided by w.
10
Let f = -7 + 12. Suppose f*q = 2*q - 12. Let w(t) = -4*t - 3. Calculate the remainder when 38 is divided by w(q).
12
Let d(x) = -3*x + 39. Suppose -4*l + 2*z = -43 - 39, -2*z = -6. What is the remainder when l is divided by d(11)?
4
Suppose 0 = 4*i - l - 3*l - 208, -l = 3*i - 144. Let z(r) = 7*r - 4. Calculate the remainder when i is divided by z(3).
15
Let q(o) = -o + 11. Let z be q(-16). Let x(j) = -8*j**3 - j - 1. Let l be x(-1). Let a = l + z. What is the remainder when a is divided by 18?
17
Let s(n) = 0*n**2 + 8*n - 9 - n**2 + 3. What is the remainder when s(4) is divided by 3?
1
Suppose 5*j = -3*h + 7*h + 86, 2*h = -5*j + 62. Calculate the remainder when 67 is divided by j.
11
Suppose 0 = 3*b + 36 + 18. Let z = -9 - b. Calculate the remainder when z is divided by 3.
0
Suppose 5*q - 30 = -4*n, q - 5*n + 23 = -0*n. Suppose -7 = -3*u + 4*r, -q*u + 52 = u + 5*r. What is the remainder when 16 is divided by u?
7
Let x(b) = 3*b - 10. Let j be x(4). Suppose -4*n + 34 = j*s, -40 = 4*s - 6*s + 2*n. Calculate the remainder when 35 is divided by s.
16
Let c be 4/(-6) + 700/6. Let h = c - 54. What is the remainder when h is divided by 21?
20
Let r = 243 + -140. What is the remainder when r is divided by 26?
25
Suppose 4*g + g - 245 = 0. What is the remainder when g is divided by 26?
23
Let x(d) = -d**2 + 8*d + 1. Suppose -9 = -5*l + 16, -33 = -4*k - l. Calculate the remainder when 23 is divided by x(k).
7
Suppose 0 = -3*s + 5*s - 2. Let h(k) = 19*k**2 - k + 1. What is the remainder when h(s) is divided by 10?
9
Let m(u) = u**3 + 3*u**2 - 10*u - 19. What is the remainder when m(-3) is divided by 6?
5
Let f(j) = j**2 + 21*j - 15. Suppose -g - 3 = -6. What is the remainder when f(-22) is divided by g?
1
Let a be -3*(-23)/3*1. Suppose 0 = 2*z - 29 - a. Let q(u) = -u**2 + 4*u + 9. What is the remainder when z is divided by q(0)?
8
Suppose -2*i + i - 19 = 0. Let p = 10 - 19. Let m = p - i. What is the remainder when 19 is divided by m?
9
Let p(m) = -3*m - 2. Let v be p(5). Let z = v - -42. Suppose -5 + z = 2*a. Calculate the remainder when 27 is divided by a.
7
Let d = -1 + 0. Let p be 7 - (-3 - d - -4). Suppose 34 = -p*h + 139. What is the remainder when 41 is divided by h?
20
Suppose -5*j = -2*t - 35, -2*j - 5*t - 9 = 6. What is the remainder when 17 is divided by j?
2
Let t = 60 - -21. Calculate the remainder when t is divided by 21.
18
Let x(m) = -5*m**3 + 5*m + 81. Let h(t) = 2*t**3 - 2*t - 40. Let d(n) = -7*h(n) - 3*x(n). Calculate the remainder when 145 is divided by d(0).
34
Let k(h) = -39*h. Calculate the remainder when k(-4) is divided by 40.
36
Let l = 174 - 101. What is the remainder when l is divided by ((-4)/6)/((-4)/150)?
23
Suppose r + 3*b - 11 + 1 = 0, 5*r + 3*b - 98 = 0. Calculate the remainder when r is divided by 12.
10
Let q = 3 + 1. Let v(y) be the first derivative of -y**2/2 - y + 4. What is the remainder when q is divided by v(-4)?
1
Let i = -32 + 71. Let a = i + -26. What is the remainder when a is divided by 7?
6
Let r(i) = 9 + 0 + 0 + i. What is the remainder when r(-6) is divided by 2 + -1 - 1 - -2?
1
Let f = 9 + -16. Let c = -5 - f. What is the remainder when 5 is divided by c?
1
Let x(v) = -v**3 - 3*v - 3. Let k be (5/15)/(2/(-6)). Let q be (0 + -1)*(1 - k). Calculate the remainder when x(q) is divided by 4.
3
Suppose 0 = m - 3 - 9. Calculate the remainder when 33 is divided by m.
9
Let s(f) = 3*f + 5. Calculate the remainder when 89 is divided by s(6).
20
Let m = 2 + -1. Suppose -5*k = 15, -2*k = y + 2*k + 9. Calculate the remainder when y*(-4)/(-3) - 2 is divided by m.
0
What is the remainder when 474/(-4)*30/(-45) is divided by 20?
19
Suppose -c + 56 = 34. Suppose -5*l = -3*a - 99 - 228, -5*a = 20. Calculate the remainder when l is divided by c.
19
Suppose -t = -4*y - 20 - 4, 3*t + 4*y = 72. What is the remainder when 45 is divided by t?
21
Suppose 38 = 4*j - 3*j. Let r = -39 + 0. What is the remainder when j is divided by (r/(-6))/(2/4)?
12
Suppose -3*g - 3 + 15 = 0. Suppose -g*o = o + 45. What is the remainder when 62 is divided by (-183)/o - (-6)/9?
20
Suppose -3*b + 154 - 40 = -3*y, 3*b - 118 = -y. What is the remainder when b is divided by 10?
9
Let x(r) be the second derivative of 7*r**3/6 + 2*r**2 + 2*r. What is the remainder when x(3) is divided by 13?
12
Suppose -c = -d + 23, d + 2*c - 25 = 4*c. Let y = -5 + 2. Calculate the remainder when d is divided by (2/1)/((-1)/y).
3
Suppose -2*x = -5*x. Suppose -p = -x*p. Suppose -o - 1 + 2 = p. What is the remainder when 2 is divided by o?
0
Let m be 0*3/9 + -1. Let d(k) = 146*k**2 + k. Let v be d(m). Suppose 3*y - v = -4*s, -2*y = -5*y - 15. Calculate the remainder when s is divided by 14.
12
Let k = -24 + 40. Let z(l) = l**2 - 13*l - 17. What is the remainder when z(k) is divided by 11?
9
Suppose 10*s = -2*s + 600. What is the remainder when s is divided by 18?
14
Let w = 69 - 17. Calculate the remainder when w is divided by 28.
24
Let r = 10 - 1. What is the remainder when 50 is divided by r?
5
Let x(n) = -4*n - 9. What is the remainder when 42 is divided by x(-6)?
12
Suppose -5*l + 2*t = -0*t - 42, 3*l = 5*t + 29. Suppose -1 + 11 = 5*h. Suppose -h*u = -0*u - 4, -u = -4*d + 86. Calculate the remainder when d is divided by l.
6
Suppose 11*u - 12*u = -15. What is the remainder when 43 is divided by u?
13
Suppose -60 = -5*q + 5*p, p = q + 2*p - 4. What is the remainder when q is divided by 3?
2
Let o be 4/((-7)/(21/(-6))). Suppose -4*n - 2*t = -2*n - 40, 2*t = o*n - 52. What is the remainder when 43 is divided by n?
20
Suppose 3*g - 15 = 75. Suppose -3*f - f + 124 = 0. What is the remainder when f is divided by ((-36)/15)/((-9)/g)?
7
Suppose n = 6*n - 20. Suppose -o + n*c = -2, 0 = -o + c - 0*c - 7. What is the remainder when 9 is divided by (-10)/25 - 44/o?
1
What is the remainder when 7 is divided by 480/105 - (-3)/7?
2
Let j(s) = -s - 4. Let p be j(-8). Suppose 40 = 4*n + 3*r - 3, 42 = p*n + 2*r. What is the remainder when 18 is divided by n?
8
Suppose 5*x - 147 - 32 = 2*r, 5*x - 181 = 3*r. Suppose 2*d + 21 = 5*b, -x = b - 6*b - 5*d. What is the remainder when 7 is divided by b?
2
Calculate the remainder when -4*(-3)/(-6) - -39 is divided by (1 - 7)*30/(-9).
17
Let p(n) = -12*n + 1. Let g be (3 - 2) + 0 + 1. Suppose -4*v - 12 = -z - z, g = -4*v - 3*z. Calculate the remainder when p(v) is divided by 9.
7
Suppose 0 = 6*p - 4*p, p = 2*t - 92. What is the remainder when t is divided by 25?
21
Let v be (-1)/(-5) - (-